{"version":"1.0","provider_name":"Cooltivarte Portal","provider_url":"https:\/\/cooltivarte.com\/portal","author_name":"Pablo Romero","author_url":"https:\/\/cooltivarte.com\/portal\/author\/romero\/","title":"Ma\u00f1anas de Radio con Pablo Romero Garc\u00eda - Radio Cx36","type":"rich","width":600,"height":338,"html":"<blockquote class=\"wp-embedded-content\" data-secret=\"oDE3t3faYl\"><a href=\"https:\/\/cooltivarte.com\/portal\/mananas-de-radio-con-pablo-romero-garcia\/\">Ma\u00f1anas de Radio con Pablo Romero Garc\u00eda<\/a><\/blockquote><iframe sandbox=\"allow-scripts\" security=\"restricted\" src=\"https:\/\/cooltivarte.com\/portal\/mananas-de-radio-con-pablo-romero-garcia\/embed\/#?secret=oDE3t3faYl\" width=\"600\" height=\"338\" title=\"&#8220;Ma\u00f1anas de Radio con Pablo Romero Garc\u00eda&#8221; &#8212; Cooltivarte Portal\" data-secret=\"oDE3t3faYl\" frameborder=\"0\" marginwidth=\"0\" marginheight=\"0\" scrolling=\"no\" class=\"wp-embedded-content\"><\/iframe><script type=\"text\/javascript\">\n\/* <![CDATA[ *\/\n\/*! This file is auto-generated *\/\n!function(d,l){\"use strict\";l.querySelector&&d.addEventListener&&\"undefined\"!=typeof URL&&(d.wp=d.wp||{},d.wp.receiveEmbedMessage||(d.wp.receiveEmbedMessage=function(e){var t=e.data;if((t||t.secret||t.message||t.value)&&!\/[^a-zA-Z0-9]\/.test(t.secret)){for(var s,r,n,a=l.querySelectorAll('iframe[data-secret=\"'+t.secret+'\"]'),o=l.querySelectorAll('blockquote[data-secret=\"'+t.secret+'\"]'),c=new RegExp(\"^https?:$\",\"i\"),i=0;i<o.length;i++)o[i].style.display=\"none\";for(i=0;i<a.length;i++)s=a[i],e.source===s.contentWindow&&(s.removeAttribute(\"style\"),\"height\"===t.message?(1e3<(r=parseInt(t.value,10))?r=1e3:~~r<200&&(r=200),s.height=r):\"link\"===t.message&&(r=new URL(s.getAttribute(\"src\")),n=new URL(t.value),c.test(n.protocol))&&n.host===r.host&&l.activeElement===s&&(d.top.location.href=t.value))}},d.addEventListener(\"message\",d.wp.receiveEmbedMessage,!1),l.addEventListener(\"DOMContentLoaded\",function(){for(var e,t,s=l.querySelectorAll(\"iframe.wp-embedded-content\"),r=0;r<s.length;r++)(t=(e=s[r]).getAttribute(\"data-secret\"))||(t=Math.random().toString(36).substring(2,12),e.src+=\"#?secret=\"+t,e.setAttribute(\"data-secret\",t)),e.contentWindow.postMessage({message:\"ready\",secret:t},\"*\")},!1)))}(window,document);\n\/* ]]> *\/\n<\/script>\n","thumbnail_url":"https:\/\/cooltivarte.com\/portal\/wp-content\/uploads\/2023\/07\/Pabloromero74.jpeg","thumbnail_width":680,"thumbnail_height":452,"description":"El Profesor @Pabloromero74 comparti\u00f3 la ma\u00f1ana con los oyentes de la 36 para habla sobre las Jornadas de Filosof\u00eda del R\u00edo Uruguay, actividad que se realiz\u00f3 en Concepci\u00f3n del Uruguay. Expuso sobre la agenda educativa en el pa\u00eds."}

Mañanas de Radio con Pablo Romero García - Radio Cx36

<blockquote class="wp-embedded-content" data-secret="oDE3t3faYl"><a href="https://cooltivarte.com/portal/mananas-de-radio-con-pablo-romero-garcia/">Mañanas de Radio con Pablo Romero García</a></blockquote><iframe sandbox="allow-scripts" security="restricted" src="https://cooltivarte.com/portal/mananas-de-radio-con-pablo-romero-garcia/embed/#?secret=oDE3t3faYl" width="600" height="338" title="&#8220;Mañanas de Radio con Pablo Romero García&#8221; &#8212; Cooltivarte Portal" data-secret="oDE3t3faYl" frameborder="0" marginwidth="0" marginheight="0" scrolling="no" class="wp-embedded-content"></iframe><script type="text/javascript">
/* <![CDATA[ */
/*! This file is auto-generated */
!function(d,l){"use strict";l.querySelector&&d.addEventListener&&"undefined"!=typeof URL&&(d.wp=d.wp||{},d.wp.receiveEmbedMessage||(d.wp.receiveEmbedMessage=function(e){var t=e.data;if((t||t.secret||t.message||t.value)&&!/[^a-zA-Z0-9]/.test(t.secret)){for(var s,r,n,a=l.querySelectorAll('iframe[data-secret="'+t.secret+'"]'),o=l.querySelectorAll('blockquote[data-secret="'+t.secret+'"]'),c=new RegExp("^https?:$","i"),i=0;i<o.length;i++)o[i].style.display="none";for(i=0;i<a.length;i++)s=a[i],e.source===s.contentWindow&&(s.removeAttribute("style"),"height"===t.message?(1e3<(r=parseInt(t.value,10))?r=1e3:~~r<200&&(r=200),s.height=r):"link"===t.message&&(r=new URL(s.getAttribute("src")),n=new URL(t.value),c.test(n.protocol))&&n.host===r.host&&l.activeElement===s&&(d.top.location.href=t.value))}},d.addEventListener("message",d.wp.receiveEmbedMessage,!1),l.addEventListener("DOMContentLoaded",function(){for(var e,t,s=l.querySelectorAll("iframe.wp-embedded-content"),r=0;r<s.length;r++)(t=(e=s[r]).getAttribute("data-secret"))||(t=Math.random().toString(36).substring(2,12),e.src+="#?secret="+t,e.setAttribute("data-secret",t)),e.contentWindow.postMessage({message:"ready",secret:t},"*")},!1)))}(window,document);
/* ]]> */
</script>

El Profesor @Pabloromero74 compartió la mañana con los oyentes de la 36 para habla sobre las Jornadas de Filosofía del Río Uruguay, actividad que se realizó en Concepción del Uruguay. Expuso sobre la agenda educativa en el país.
