{"version":"1.0","provider_name":"Cooltivarte Portal","provider_url":"https:\/\/cooltivarte.com\/portal","author_name":"Alejandro Carre\u00f1o T.","author_url":"https:\/\/cooltivarte.com\/portal\/author\/alejandro-careno\/","title":"Maduro y la izquierda latinoamericana by Alejandro Carre\u00f1o T.","type":"rich","width":600,"height":338,"html":"<blockquote class=\"wp-embedded-content\" data-secret=\"SvbYQ9ieIU\"><a href=\"https:\/\/cooltivarte.com\/portal\/maduro-y-la-izquierda-latinoamericana\/\">Maduro y la izquierda latinoamericana<\/a><\/blockquote><iframe sandbox=\"allow-scripts\" security=\"restricted\" src=\"https:\/\/cooltivarte.com\/portal\/maduro-y-la-izquierda-latinoamericana\/embed\/#?secret=SvbYQ9ieIU\" width=\"600\" height=\"338\" title=\"&#8220;Maduro y la izquierda latinoamericana&#8221; &#8212; Cooltivarte Portal\" data-secret=\"SvbYQ9ieIU\" frameborder=\"0\" marginwidth=\"0\" marginheight=\"0\" scrolling=\"no\" class=\"wp-embedded-content\"><\/iframe><script type=\"text\/javascript\">\n\/* <![CDATA[ *\/\n\/*! This file is auto-generated *\/\n!function(d,l){\"use strict\";l.querySelector&&d.addEventListener&&\"undefined\"!=typeof URL&&(d.wp=d.wp||{},d.wp.receiveEmbedMessage||(d.wp.receiveEmbedMessage=function(e){var t=e.data;if((t||t.secret||t.message||t.value)&&!\/[^a-zA-Z0-9]\/.test(t.secret)){for(var s,r,n,a=l.querySelectorAll('iframe[data-secret=\"'+t.secret+'\"]'),o=l.querySelectorAll('blockquote[data-secret=\"'+t.secret+'\"]'),c=new RegExp(\"^https?:$\",\"i\"),i=0;i<o.length;i++)o[i].style.display=\"none\";for(i=0;i<a.length;i++)s=a[i],e.source===s.contentWindow&&(s.removeAttribute(\"style\"),\"height\"===t.message?(1e3<(r=parseInt(t.value,10))?r=1e3:~~r<200&&(r=200),s.height=r):\"link\"===t.message&&(r=new URL(s.getAttribute(\"src\")),n=new URL(t.value),c.test(n.protocol))&&n.host===r.host&&l.activeElement===s&&(d.top.location.href=t.value))}},d.addEventListener(\"message\",d.wp.receiveEmbedMessage,!1),l.addEventListener(\"DOMContentLoaded\",function(){for(var e,t,s=l.querySelectorAll(\"iframe.wp-embedded-content\"),r=0;r<s.length;r++)(t=(e=s[r]).getAttribute(\"data-secret\"))||(t=Math.random().toString(36).substring(2,12),e.src+=\"#?secret=\"+t,e.setAttribute(\"data-secret\",t)),e.contentWindow.postMessage({message:\"ready\",secret:t},\"*\")},!1)))}(window,document);\n\/* ]]> *\/\n<\/script>\n","thumbnail_url":"https:\/\/cooltivarte.com\/portal\/wp-content\/uploads\/2026\/01\/Federico-Arnaud-obra-visita-al-taller-noviembre-2022-Foto-Federico-Meneses.jpg","thumbnail_width":1251,"thumbnail_height":938,"description":"Horas despu\u00e9s de la vergonzosa e inexplicable extracci\u00f3n de Nicol\u00e1s Maduro de su residencia, ubicada en el m\u00e1s poderoso recinto de las Fuerzas Armadas venezolanas, Fuerte Tiuna, al sur de Caracas, las voces de la izquierda internacional, pero sobre todo latinoamericana, condenando la invasi\u00f3n de las tropas estadounidenses"}

Alejandro Carreño T.

Maduro y la izquierda latinoamericana by Alejandro Carreño T.

Horas después de la vergonzosa e inexplicable extracción de Nicolás Maduro de su residencia, ubicada en el más poderoso recinto de las Fuerzas Armadas venezolanas, Fuerte Tiuna, al sur de Caracas, las voces de la izquierda internacional, pero sobre todo latinoamericana, condenando la invasión de las tropas estadounidenses
