{"version":"1.0","provider_name":"Cooltivarte Portal","provider_url":"https:\/\/cooltivarte.com\/portal","author_name":"Cooltivarte","author_url":"https:\/\/cooltivarte.com\/portal\/author\/cooltivarte\/","title":"Festival D\u00eda de la M\u00fasica 2023 - 8 de octubre al Parque Rod\u00f3","type":"rich","width":600,"height":338,"html":"<blockquote class=\"wp-embedded-content\" data-secret=\"PRmim4OSTM\"><a href=\"https:\/\/cooltivarte.com\/portal\/festival-dia-de-la-musica-2023\/\">Festival D\u00eda de la M\u00fasica 2023<\/a><\/blockquote><iframe sandbox=\"allow-scripts\" security=\"restricted\" src=\"https:\/\/cooltivarte.com\/portal\/festival-dia-de-la-musica-2023\/embed\/#?secret=PRmim4OSTM\" width=\"600\" height=\"338\" title=\"&#8220;Festival D\u00eda de la M\u00fasica 2023&#8221; &#8212; Cooltivarte Portal\" data-secret=\"PRmim4OSTM\" frameborder=\"0\" marginwidth=\"0\" marginheight=\"0\" scrolling=\"no\" class=\"wp-embedded-content\"><\/iframe><script type=\"text\/javascript\">\n\/* <![CDATA[ *\/\n\/*! This file is auto-generated *\/\n!function(d,l){\"use strict\";l.querySelector&&d.addEventListener&&\"undefined\"!=typeof URL&&(d.wp=d.wp||{},d.wp.receiveEmbedMessage||(d.wp.receiveEmbedMessage=function(e){var t=e.data;if((t||t.secret||t.message||t.value)&&!\/[^a-zA-Z0-9]\/.test(t.secret)){for(var s,r,n,a=l.querySelectorAll('iframe[data-secret=\"'+t.secret+'\"]'),o=l.querySelectorAll('blockquote[data-secret=\"'+t.secret+'\"]'),c=new RegExp(\"^https?:$\",\"i\"),i=0;i<o.length;i++)o[i].style.display=\"none\";for(i=0;i<a.length;i++)s=a[i],e.source===s.contentWindow&&(s.removeAttribute(\"style\"),\"height\"===t.message?(1e3<(r=parseInt(t.value,10))?r=1e3:~~r<200&&(r=200),s.height=r):\"link\"===t.message&&(r=new URL(s.getAttribute(\"src\")),n=new URL(t.value),c.test(n.protocol))&&n.host===r.host&&l.activeElement===s&&(d.top.location.href=t.value))}},d.addEventListener(\"message\",d.wp.receiveEmbedMessage,!1),l.addEventListener(\"DOMContentLoaded\",function(){for(var e,t,s=l.querySelectorAll(\"iframe.wp-embedded-content\"),r=0;r<s.length;r++)(t=(e=s[r]).getAttribute(\"data-secret\"))||(t=Math.random().toString(36).substring(2,12),e.src+=\"#?secret=\"+t,e.setAttribute(\"data-secret\",t)),e.contentWindow.postMessage({message:\"ready\",secret:t},\"*\")},!1)))}(window,document);\n\/* ]]> *\/\n<\/script>\n","thumbnail_url":"https:\/\/cooltivarte.com\/portal\/wp-content\/uploads\/2023\/10\/Festival-Dia-de-la-Musica-2023-8-de-octubre-al-Parque-Rodo.webp","thumbnail_width":596,"thumbnail_height":596,"description":"El festival por el D\u00eda de la M\u00fasica nace mediante un llamado de la Direcci\u00f3n Nacional de Cultura del MEC donde nos propusimos celebrar esta fecha internacional con un peque\u00f1o evento ben\u00e9fico en el Parque Rod\u00f3."}

Festival Día de la Música 2023 - 8 de octubre al Parque Rodó

<blockquote class="wp-embedded-content" data-secret="PRmim4OSTM"><a href="https://cooltivarte.com/portal/festival-dia-de-la-musica-2023/">Festival Día de la Música 2023</a></blockquote><iframe sandbox="allow-scripts" security="restricted" src="https://cooltivarte.com/portal/festival-dia-de-la-musica-2023/embed/#?secret=PRmim4OSTM" width="600" height="338" title="&#8220;Festival Día de la Música 2023&#8221; &#8212; Cooltivarte Portal" data-secret="PRmim4OSTM" frameborder="0" marginwidth="0" marginheight="0" scrolling="no" class="wp-embedded-content"></iframe><script type="text/javascript">
/* <![CDATA[ */
/*! This file is auto-generated */
!function(d,l){"use strict";l.querySelector&&d.addEventListener&&"undefined"!=typeof URL&&(d.wp=d.wp||{},d.wp.receiveEmbedMessage||(d.wp.receiveEmbedMessage=function(e){var t=e.data;if((t||t.secret||t.message||t.value)&&!/[^a-zA-Z0-9]/.test(t.secret)){for(var s,r,n,a=l.querySelectorAll('iframe[data-secret="'+t.secret+'"]'),o=l.querySelectorAll('blockquote[data-secret="'+t.secret+'"]'),c=new RegExp("^https?:$","i"),i=0;i<o.length;i++)o[i].style.display="none";for(i=0;i<a.length;i++)s=a[i],e.source===s.contentWindow&&(s.removeAttribute("style"),"height"===t.message?(1e3<(r=parseInt(t.value,10))?r=1e3:~~r<200&&(r=200),s.height=r):"link"===t.message&&(r=new URL(s.getAttribute("src")),n=new URL(t.value),c.test(n.protocol))&&n.host===r.host&&l.activeElement===s&&(d.top.location.href=t.value))}},d.addEventListener("message",d.wp.receiveEmbedMessage,!1),l.addEventListener("DOMContentLoaded",function(){for(var e,t,s=l.querySelectorAll("iframe.wp-embedded-content"),r=0;r<s.length;r++)(t=(e=s[r]).getAttribute("data-secret"))||(t=Math.random().toString(36).substring(2,12),e.src+="#?secret="+t,e.setAttribute("data-secret",t)),e.contentWindow.postMessage({message:"ready",secret:t},"*")},!1)))}(window,document);
/* ]]> */
</script>

El festival por el Día de la Música nace mediante un llamado de la Dirección Nacional de Cultura del MEC donde nos propusimos celebrar esta fecha internacional con un pequeño evento benéfico en el Parque Rodó.
